ber?
False
Let s be ((-57)/6 + 3)*2. Let l = -13 - s. Suppose l*k - 156 = -4*k. Is k a composite number?
True
Let v(y) = y - 9*y + 7*y - 4. Let u be v(-6). Suppose 0 = p - u*p + 1067. Is p composite?
True
Suppose -2*y - 8 = 5*c - 21, -4*y = 2*c - 2. Let v be 9*1/3 - y. Let d(n) = 120*n - 1. Is d(v) prime?
True
Let v = 361 - 920. Let t = 1308 + v. Is t a composite number?
True
Let o = -16281 + 23222. Is o composite?
True
Let u be ((-6)/(-15))/(1/(-5)). Is u*(4 + -3) - -481 composite?
False
Let z be 60/270 - (-2)/18*183013. Is z/63 - 8/(-36) prime?
False
Let h be (-14 - 4)*-1 + -2. Is ((-37)/2)/((-8)/h) a composite number?
False
Suppose -l + 4*q = 3*l - 3420, 4*l - 3400 = -q. Is l a composite number?
True
Suppose -3*n - 3*d + 2*d + 215 = 0, -3*n + 235 = -4*d. Let f = 264 - n. Is f a prime number?
True
Let h = -62 - -65. Suppose 0 = 4*p + 3*u - 2164, p - 263 - 287 = -h*u. Is p a composite number?
True
Suppose 5*p + 165495 = 5*f, -2*f + 52987 = 5*p - 13225. Is f a prime number?
False
Suppose -t = 5*s - 3*s - 22, -5*s + 69 = 3*t. Is (-764 + 0)*(-21)/t a prime number?
False
Let m(u) = -614*u - 1. Let f(i) = -307*i. Let b(t) = -9*f(t) + 4*m(t). Suppose -9*j + 20 = -7. Is b(j) composite?
True
Let p = 2354 + 6539. Is p a composite number?
False
Suppose -4*z - 324 + 1332 = 0. Let d = z + -29. Is d a composite number?
False
Let q(x) = 2*x - 10. Let v be q(7). Let t(a) = a - 3 + 12*a + 5 + 1. Is t(v) prime?
False
Let f(h) = 2*h**2 + 3*h - 4. Let m be f(-3). Suppose -x - 5*i + 1517 = 0, 2*i - 1289 - 213 = -x. Suppose m*a - a = x. Is a prime?
True
Let t(p) be the first derivative of p**6/120 + p**4/12 + 2*p**3/3 - 3*p**2/2 + 4. Let j(y) be the second derivative of t(y). Is j(3) a prime number?
True
Let b(i) = i + 1151. Suppose -r - 3 + 3 = 0. Is b(r) a prime number?
True
Let l(j) = j**3 - 4*j**2 + 5*j - 10. Let x(n) = 2*n**3 - 8*n**2 + 11*n - 19. Let o(t) = -5*l(t) + 3*x(t). Is o(6) a prime number?
True
Let j be 1/(-2)*(-3 - 5). Suppose -2*q = 3*y + 8, 0*y - j*y = 3*q + 12. Is 60 - (-1)/(q/8) prime?
False
Suppose 5*m = 5*v + 21995, -15*m - 2*v - 17592 = -19*m. Is m a prime number?
True
Suppose -3*q - q - 5*n + 53 = 0, 2*q - 29 = -5*n. Suppose -2*y = 3*y - 4*x - 279, q = 3*x. Is y prime?
True
Let y(t) = -2*t - 12. Let a be y(-9). Is ((-33)/a)/(1/(-398)) a composite number?
True
Let s(t) = 171*t + 2. Let k be s(8). Suppose -11*n - k = -13*n. Is n a prime number?
False
Let k = 27 + -33. Let o(u) = -22*u + 17. Is o(k) a prime number?
True
Let u(o) = 18*o**2 - 12*o - 3. Let s(j) = j**2 - 5*j - 15. Let t be s(6). Is u(t) a composite number?
True
Is (192484/16 - -7) + (-3)/12 prime?
True
Let k = 47007 - 33106. Is k composite?
False
Is (5 + 453)/(22/583) a composite number?
True
Let v(i) = i**2 + 2*i + 9. Let u be (-1)/6 - (-59)/(-6). Is v(u) a prime number?
True
Suppose -4*d + 6*q = 3*q - 17564, -4*q = 0. Is d composite?
False
Let a = 58 + 13. Let o = a + -33. Let c = o + -3. Is c prime?
False
Let y(u) = 952*u - 171. Is y(4) a composite number?
False
Let s(h) = 237*h**2 - 22*h + 41. Is s(16) a prime number?
False
Let j be 4*(-3)/(-24)*0. Suppose 3*a + 1883 = -j*r + 4*r, -2*a + 924 = 2*r. Is r a composite number?
False
Let a(s) = -42*s + 5. Let x be a(-3). Suppose x = u - 15. Is u prime?
False
Let f = 55007 + -29214. Is f composite?
False
Suppose 82 + 14 = -8*d. Let o(r) = 5*r**2 + 2*r + 1. Is o(d) a prime number?
False
Is ((-1)/1)/1 + 11972 + -8 a prime number?
False
Let j(z) = -287*z - 2. Let o(p) = 288*p + 1. Let a(q) = -3*j(q) - 4*o(q). Is a(-1) prime?
True
Let d(f) = -f**3 - 3*f**2 + 3*f + 1. Let z be d(-2). Let n(k) = k**2 - 2*k. Let q be n(z). Suppose -5*x - q + 514 = 0. Is x a prime number?
True
Suppose 12*w - 17822 = 111262. Is w composite?
True
Let j = -706 + 1493. Is j composite?
False
Suppose 4*p - 76507 = -7*m + 47738, -2*m + 3*p = -35482. Is m a composite number?
False
Let v = 4828 - 3045. Is v composite?
False
Suppose -10*j + 17*j - 81599 = 0. Is j composite?
False
Suppose 5*r = -4*s + 4841, -4020 = -5*s + 3*r + 2059. Suppose -2*o + 3*z + 3729 + s = 0, 4*z - 4922 = -2*o. Is o composite?
False
Let p(y) = -y**2 - y + 5. Let g be p(-5). Let c = g - -17. Suppose 2*w - o = 887, 0*o + 3*o + 889 = c*w. Is w composite?
False
Let v(u) = 4633*u**2 + 3*u - 3. Is v(1) a prime number?
False
Let v(f) = -12 - 2*f**3 + 5*f**2 - 8*f - 10*f**2 - 5*f**2. Let h be v(-8). Suppose -75 = -z + h. Is z composite?
True
Let f(s) = -3*s**2 + 7*s + 10. Let i be f(3). Suppose 2*z - 2*n = z + 1479, i*z = -4*n + 5868. Is z a composite number?
False
Suppose -b + 88 - 1625 = 0. Let l = -923 - b. Is l a prime number?
False
Suppose 11*i - 7*i = 16168. Let p = 7341 - i. Is p composite?
False
Let s(r) = 1856*r + 173. Is s(34) composite?
False
Suppose -2*t + 4*j + 19918 = 0, 2*t + 7*j = 8*j + 19930. Is t composite?
False
Let h = 484 + -2. Suppose -11*o = -10*o - h. Suppose o = 2*t + 60. Is t a prime number?
True
Is (-2)/(((-4)/25977)/(32/48)) a composite number?
True
Let x = -36 + 36. Suppose x = 5*q - 3317 - 3978. Is q composite?
False
Let d(r) = 4 - 3*r + 7*r + 0*r. Let q be d(-4). Is (60/(-9))/(8/q) prime?
False
Let v be 1 + 1998/(5 + -2). Let p = v + 246. Suppose -5*c + 1057 = -j, j - p = -4*c - 71. Is c a composite number?
False
Suppose 2*s + 543 = 135. Let t = s + 427. Is t composite?
False
Let f(r) = -61*r - 57. Let q(c) = 57*c + 63. Let g(m) = -28*m - 32. Let o(n) = -5*g(n) - 3*q(n). Let a(v) = 4*f(v) - 7*o(v). Is a(-8) a prime number?
True
Let x = 11 + -8. Suppose -x*m = -9, -t + 3*m = t + 1. Let r(k) = 2*k**3 + 3*k - 1. Is r(t) a prime number?
True
Let p(u) = 28*u**2 + u + 1. Let w be p(2). Suppose t - w = 30. Is t composite?
True
Suppose -r = 6*r - 14. Suppose r*l - 1545 = -l. Is l a composite number?
True
Suppose -c + 3*l = -2, c = -2*c + l + 6. Let y be (0 - (c - 1))*1. Is ((4 - 4) + y)*-317 a composite number?
False
Suppose -3*v + 5*s + 29 + 36 = 0, 5*s = -4*v + 110. Suppose 0 = -6*z + 11 + v. Let o = z - -8. Is o prime?
False
Let i be 3 + 1*(-2 - -2). Suppose 3*w - i = -t, 3*w - 9 = -3*t - 0*w. Is (8 - t)/(2/14) a prime number?
False
Let a = 18 - -58. Suppose 0 = 4*s - 1248 - a. Is s a composite number?
False
Let v(l) = 22819*l**2 + 11*l + 10. Let b be v(-4). Is b/102 + (-4)/34 a prime number?
False
Let t(a) = 2*a**2 + 7*a + 947. Is t(0) a composite number?
False
Let r be (3 + -6 - -3)/2. Suppose r = -5*i + 193 + 452. Is i prime?
False
Suppose -3*m = -2*b + 8834, -b - 4*b + 22085 = m. Is b composite?
True
Let m be 677/(-4) - (-18)/(-24). Let l = m + 387. Is l composite?
True
Let a(u) = 10*u - u**3 + 12*u - 6*u**2 + 7 - 14 + 6. Is a(-10) a composite number?
False
Is 3/18*(-15)/10*-49492 composite?
False
Let t(q) = 16*q**2 + 11*q + 14. Is t(8) composite?
True
Is 408/96*(7294 - 2) a prime number?
False
Suppose r = -5*u + 10164 - 2781, 0 = 5*u - r - 7387. Is u composite?
True
Suppose 199*p = 184*p + 89835. Is p prime?
False
Suppose 3*n = o + 10, -2*o - 3*n + 20 = -o. Suppose o*z = z + 1556. Is z composite?
False
Let f = 1764 - 887. Is f a composite number?
False
Let l = 2 + -2. Let b be l/(-1 + (-1)/1). Suppose r - 2*r + 46 = b. Is r composite?
True
Is -5581*(0/1 + 1)*-1 composite?
False
Let u(w) = 132*w**2 + 1. Let m(y) = -263*y**2 - 2. Let v(p) = -6*m(p) - 11*u(p). Suppose 0 = 7*x - 2*x - 5. Is v(x) prime?
True
Is (6/8)/(4 + (-206857)/51716) composite?
True
Suppose -3*v = -h - 4, 3*h + 12 = -0*h + v. Suppose -5*r = n - 0*n - 4, -n = -5*r - 4. Is (-6)/(-2 - r/h) composite?
False
Let w be (-2 - -1)/((-24)/27 + 1). Is (w/(-2) - 1)/((-28)/(-8456)) prime?
False
Let t(a) = -18*a**3 + a**2 + 3*a - 1. Let o be t(-3). Let z = o + -264. Is z composite?
True
Suppose 0*v + 1488 = -5*a + v, 0 = -4*v + 12. Let w = a - -460. Is w a prime number?
True
Let t be (-6)/(-39) - (-126)/26. Let l = t - -234. Is l a prime number?
True
Let r(u) be the third derivative of -107*u**5/30 + u**4/24 + u**3/6 - u**2. Let l be r(2). Let q = -212 - l. Is q a composite number?
False
Let l(r) be the first derivative of 59*r**4/2 + 2*r**2 + r - 10. Is l(2) composite?
False
Let z = -67 + 72. Suppose z*m = q - 2*q + 10770, 2*m = -4*q + 4326. Is m a prime number?
True
Suppose 0 = 17*g - 24*g. Suppose -2*u + 1010 = -g*u. Is u a prime number?
False
Suppose -5*i - 2*h - 2 = -0*i, 0 = -5*h - 5. Let y(w) = 7*w**2 -